{"id":9224,"date":"2023-06-13T18:06:09","date_gmt":"2023-06-13T21:06:09","guid":{"rendered":"https:\/\/www.fabricac.com.br\/oluc\/?page_id=9224"},"modified":"2023-08-14T16:53:28","modified_gmt":"2023-08-14T19:53:28","slug":"responsabilidades-do-retorno-do-oluc-ao-processo-de-rerrefino","status":"publish","type":"page","link":"https:\/\/www.fabricac.com.br\/oluc\/responsabilidades-do-retorno-do-oluc-ao-processo-de-rerrefino\/","title":{"rendered":"Responsabilidades do Retorno do OLUC ao processo de Rerrefino."},"content":{"rendered":"\t\t<div data-elementor-type=\"wp-page\" data-elementor-id=\"9224\" class=\"elementor elementor-9224\">\n\t\t\t\t\t\t\t\t\t<section class=\"elementor-section elementor-top-section elementor-element elementor-element-d3a41e4 elementor-section-stretched elementor-section-boxed elementor-section-height-default elementor-section-height-default\" data-id=\"d3a41e4\" data-element_type=\"section\" data-settings=\"{&quot;animation&quot;:&quot;none&quot;,&quot;stretch_section&quot;:&quot;section-stretched&quot;,&quot;background_background&quot;:&quot;classic&quot;}\">\n\t\t\t\t\t\t\t<div class=\"elementor-background-overlay\"><\/div>\n\t\t\t\t\t\t\t<div class=\"elementor-container elementor-column-gap-default\">\n\t\t\t\t\t<div class=\"elementor-column elementor-col-100 elementor-top-column elementor-element elementor-element-c6c658e\" data-id=\"c6c658e\" data-element_type=\"column\">\n\t\t\t<div class=\"elementor-widget-wrap elementor-element-populated\">\n\t\t\t\t\t\t\t\t<div class=\"elementor-element elementor-element-4aa3b8b elementor-widget elementor-widget-heading\" data-id=\"4aa3b8b\" data-element_type=\"widget\" data-widget_type=\"heading.default\">\n\t\t\t\t<div class=\"elementor-widget-container\">\n\t\t\t<h2 class=\"elementor-heading-title elementor-size-default\">Responsabilidades do Retorno do OLUC ao processo de Rerrefino.<\/h2>\t\t<\/div>\n\t\t\t\t<\/div>\n\t\t\t\t\t<\/div>\n\t\t<\/div>\n\t\t\t\t\t\t\t<\/div>\n\t\t<\/section>\n\t\t\t\t<section class=\"elementor-section elementor-top-section elementor-element elementor-element-36e7e80 elementor-section-full_width elementor-section-height-min-height elementor-section-stretched elementor-section-height-default elementor-section-items-middle\" data-id=\"36e7e80\" data-element_type=\"section\" data-settings=\"{&quot;stretch_section&quot;:&quot;section-stretched&quot;,&quot;background_background&quot;:&quot;classic&quot;}\">\n\t\t\t\t\t\t<div class=\"elementor-container elementor-column-gap-default\">\n\t\t\t\t\t<div class=\"elementor-column elementor-col-100 elementor-top-column elementor-element elementor-element-ccc291f\" data-id=\"ccc291f\" data-element_type=\"column\">\n\t\t\t<div class=\"elementor-widget-wrap\">\n\t\t\t\t\t\t\t\t\t<\/div>\n\t\t<\/div>\n\t\t\t\t\t\t\t<\/div>\n\t\t<\/section>\n\t\t\t\t<section class=\"elementor-section elementor-top-section elementor-element elementor-element-e9fffd9 elementor-section-stretched elementor-section-boxed elementor-section-height-default elementor-section-height-default\" data-id=\"e9fffd9\" data-element_type=\"section\" data-settings=\"{&quot;animation&quot;:&quot;none&quot;,&quot;stretch_section&quot;:&quot;section-stretched&quot;,&quot;background_background&quot;:&quot;classic&quot;}\">\n\t\t\t\t\t\t\t<div class=\"elementor-background-overlay\"><\/div>\n\t\t\t\t\t\t\t<div class=\"elementor-container elementor-column-gap-default\">\n\t\t\t\t\t<div class=\"elementor-column elementor-col-100 elementor-top-column elementor-element elementor-element-2162a2d\" data-id=\"2162a2d\" data-element_type=\"column\">\n\t\t\t<div class=\"elementor-widget-wrap elementor-element-populated\">\n\t\t\t\t\t\t\t\t<div class=\"elementor-element elementor-element-889f810 elementor-widget elementor-widget-heading\" data-id=\"889f810\" data-element_type=\"widget\" data-widget_type=\"heading.default\">\n\t\t\t\t<div class=\"elementor-widget-container\">\n\t\t\t<h2 class=\"elementor-heading-title elementor-size-default\">Do Coletor <\/h2>\t\t<\/div>\n\t\t\t\t<\/div>\n\t\t\t\t<section class=\"elementor-section elementor-inner-section elementor-element elementor-element-c08ac1a elementor-section-boxed elementor-section-height-default elementor-section-height-default\" data-id=\"c08ac1a\" data-element_type=\"section\">\n\t\t\t\t\t\t<div class=\"elementor-container elementor-column-gap-default\">\n\t\t\t\t\t<div class=\"elementor-column elementor-col-50 elementor-inner-column elementor-element elementor-element-ccc6134\" data-id=\"ccc6134\" data-element_type=\"column\">\n\t\t\t<div class=\"elementor-widget-wrap elementor-element-populated\">\n\t\t\t\t\t\t\t\t<div class=\"elementor-element elementor-element-a303f14 elementor-widget elementor-widget-text-editor\" data-id=\"a303f14\" data-element_type=\"widget\" data-widget_type=\"text-editor.default\">\n\t\t\t\t<div class=\"elementor-widget-container\">\n\t\t\t        <div class=\"elementor-text-editor elementor-clearfix\"><p>A empresa Coletora de OLUC dever\u00e1 possuir, impreterivelmente, autoriza\u00e7\u00e3o da ANP para o exerc\u00edcio da atividade, licen\u00e7a ambiental emitida pelo \u00f3rg\u00e3o competente, assim como observar a regula\u00e7\u00e3o de transporte de res\u00edduos perigosos.<\/p><p>O Coletor dever\u00e1 ainda, garantir que as atividades de armazenamento, manuseio e transporte do OLUC sejam efetuadas em condi\u00e7\u00f5es adequadas de seguran\u00e7a e realizadas por equipe devidamente treinada, em aten\u00e7\u00e3o \u00e0 legisla\u00e7\u00e3o pertinente. Igualmente, dever\u00e1 o coletor adotar toda -precau\u00e7\u00e3o para que o OLUC n\u00e3o sofra mistura de produtos qu\u00edmicos, combust\u00edveis, solventes, \u00e1gua e outras subst\u00e2ncias, que possam dificultar ou inviabilizar a sua reciclagem. <\/p><\/div>\n        \t\t<\/div>\n\t\t\t\t<\/div>\n\t\t\t\t\t<\/div>\n\t\t<\/div>\n\t\t\t\t<div class=\"elementor-column elementor-col-50 elementor-inner-column elementor-element elementor-element-67d603e\" data-id=\"67d603e\" data-element_type=\"column\">\n\t\t\t<div class=\"elementor-widget-wrap elementor-element-populated\">\n\t\t\t\t\t\t\t\t<div class=\"elementor-element elementor-element-367ff2e elementor-widget elementor-widget-image\" data-id=\"367ff2e\" data-element_type=\"widget\" data-widget_type=\"image.default\">\n\t\t\t\t<div class=\"elementor-widget-container\">\n\t\t\t\t\t\t\t\t\t\t\t\t\t\t\t<img decoding=\"async\" width=\"600\" height=\"400\" src=\"https:\/\/www.fabricac.com.br\/oluc\/wp-content\/uploads\/2023\/08\/1000_F_491534864_Sucj9POycrFy9Jl5tn58WR4Nhjiq1pc9.jpg\" class=\"attachment-large size-large wp-image-9574\" alt=\"\" loading=\"lazy\" srcset=\"https:\/\/www.fabricac.com.br\/oluc\/wp-content\/uploads\/2023\/08\/1000_F_491534864_Sucj9POycrFy9Jl5tn58WR4Nhjiq1pc9.jpg 1000w, https:\/\/www.fabricac.com.br\/oluc\/wp-content\/uploads\/2023\/08\/1000_F_491534864_Sucj9POycrFy9Jl5tn58WR4Nhjiq1pc9-300x200.jpg 300w, https:\/\/www.fabricac.com.br\/oluc\/wp-content\/uploads\/2023\/08\/1000_F_491534864_Sucj9POycrFy9Jl5tn58WR4Nhjiq1pc9-768x512.jpg 768w, https:\/\/www.fabricac.com.br\/oluc\/wp-content\/uploads\/2023\/08\/1000_F_491534864_Sucj9POycrFy9Jl5tn58WR4Nhjiq1pc9-700x467.jpg 700w, https:\/\/www.fabricac.com.br\/oluc\/wp-content\/uploads\/2023\/08\/1000_F_491534864_Sucj9POycrFy9Jl5tn58WR4Nhjiq1pc9-600x400.jpg 600w\" sizes=\"(max-width: 600px) 100vw, 600px\" \/>\t\t\t\t\t\t\t\t\t\t\t\t\t\t\t<\/div>\n\t\t\t\t<\/div>\n\t\t\t\t\t<\/div>\n\t\t<\/div>\n\t\t\t\t\t\t\t<\/div>\n\t\t<\/section>\n\t\t\t\t<div class=\"elementor-element elementor-element-08da9b2 elementor-widget elementor-widget-text-editor\" data-id=\"08da9b2\" data-element_type=\"widget\" data-widget_type=\"text-editor.default\">\n\t\t\t\t<div class=\"elementor-widget-container\">\n\t\t\t        <div class=\"elementor-text-editor elementor-clearfix\"><p>A cada coleta realizada o coletor dever\u00e1 emitir em favor do Gerador ou do Revendedor, o Certificado de Coleta de OLUC (CCO).\u00a0 O CCO \u00e9 um documento oficial institu\u00eddo pela ANP e validado como Nota Fiscal pelo Conv\u00eanio ICM\u2019s\u00a0 n\u00ba 38\/2000, devendo conter os dados da empresa coletora, tais como n\u00ba. de CNPJ, endere\u00e7o, n\u00ba da Autoriza\u00e7\u00e3o ANP, n\u00ba de s\u00e9rie registrado na Secretaria de Fazenda Estadual, assim como os do gerador e volumes de OLUC coletados.<\/p><\/div>\n        \t\t<\/div>\n\t\t\t\t<\/div>\n\t\t\t\t<div class=\"elementor-element elementor-element-968a96e elementor-widget elementor-widget-text-editor\" data-id=\"968a96e\" data-element_type=\"widget\" data-widget_type=\"text-editor.default\">\n\t\t\t\t<div class=\"elementor-widget-container\">\n\t\t\t        <div class=\"elementor-text-editor elementor-clearfix\"><p>O coletor dever\u00e1 destinar todo o OLUC coletado a rerrefinador autorizado pela ANP, exigindo os correspondentes Certificados de Recebimento de OLUC (CRO), emitidos pelo Rerrefinador.<\/p><p>Os Certificados de Coleta emitidos pelo Coletor se constituem tamb\u00e9m, em prova do cumprimento das metas de coleta estabelecidas pelo governo federal sob a responsabilidade do Produtor ou do Importador e, os Certificados de Recebimento emitidos pelo Rerrefinador comprovam a destina\u00e7\u00e3o adequada que foi dada ao \u00f3leo usado coletado, para reintrodu\u00e7\u00e3o em novo ciclo de vida do produto.<\/p><\/div>\n        \t\t<\/div>\n\t\t\t\t<\/div>\n\t\t\t\t\t<\/div>\n\t\t<\/div>\n\t\t\t\t\t\t\t<\/div>\n\t\t<\/section>\n\t\t\t\t<section class=\"elementor-section elementor-top-section elementor-element elementor-element-1a1b4ca elementor-section-stretched elementor-section-boxed elementor-section-height-default elementor-section-height-default\" data-id=\"1a1b4ca\" data-element_type=\"section\" data-settings=\"{&quot;animation&quot;:&quot;none&quot;,&quot;stretch_section&quot;:&quot;section-stretched&quot;,&quot;background_background&quot;:&quot;classic&quot;}\">\n\t\t\t\t\t\t\t<div class=\"elementor-background-overlay\"><\/div>\n\t\t\t\t\t\t\t<div class=\"elementor-container elementor-column-gap-default\">\n\t\t\t\t\t<div class=\"elementor-column elementor-col-100 elementor-top-column elementor-element elementor-element-b83372c\" data-id=\"b83372c\" data-element_type=\"column\">\n\t\t\t<div class=\"elementor-widget-wrap elementor-element-populated\">\n\t\t\t\t\t\t\t\t<div class=\"elementor-element elementor-element-dd5dd4f elementor-widget elementor-widget-heading\" data-id=\"dd5dd4f\" data-element_type=\"widget\" data-widget_type=\"heading.default\">\n\t\t\t\t<div class=\"elementor-widget-container\">\n\t\t\t<h2 class=\"elementor-heading-title elementor-size-default\">Do Rerrefinador<\/h2>\t\t<\/div>\n\t\t\t\t<\/div>\n\t\t\t\t<section class=\"elementor-section elementor-inner-section elementor-element elementor-element-bee689b elementor-section-boxed elementor-section-height-default elementor-section-height-default\" data-id=\"bee689b\" data-element_type=\"section\">\n\t\t\t\t\t\t<div class=\"elementor-container elementor-column-gap-default\">\n\t\t\t\t\t<div class=\"elementor-column elementor-col-50 elementor-inner-column elementor-element elementor-element-e8b3619\" data-id=\"e8b3619\" data-element_type=\"column\">\n\t\t\t<div class=\"elementor-widget-wrap elementor-element-populated\">\n\t\t\t\t\t\t\t\t<div class=\"elementor-element elementor-element-0a9d3a9 elementor-widget__width-initial elementor-widget elementor-widget-image\" data-id=\"0a9d3a9\" data-element_type=\"widget\" data-widget_type=\"image.default\">\n\t\t\t\t<div class=\"elementor-widget-container\">\n\t\t\t\t\t\t\t\t\t\t\t\t\t\t\t<img decoding=\"async\" width=\"600\" height=\"409\" src=\"https:\/\/www.fabricac.com.br\/oluc\/wp-content\/uploads\/2023\/08\/1000_F_158678368_PkMKD87SzvEWzuDafLpMEjBtwa9Y7m0N.jpg\" class=\"attachment-large size-large wp-image-9575\" alt=\"\" loading=\"lazy\" srcset=\"https:\/\/www.fabricac.com.br\/oluc\/wp-content\/uploads\/2023\/08\/1000_F_158678368_PkMKD87SzvEWzuDafLpMEjBtwa9Y7m0N.jpg 1000w, https:\/\/www.fabricac.com.br\/oluc\/wp-content\/uploads\/2023\/08\/1000_F_158678368_PkMKD87SzvEWzuDafLpMEjBtwa9Y7m0N-300x205.jpg 300w, https:\/\/www.fabricac.com.br\/oluc\/wp-content\/uploads\/2023\/08\/1000_F_158678368_PkMKD87SzvEWzuDafLpMEjBtwa9Y7m0N-768x524.jpg 768w, https:\/\/www.fabricac.com.br\/oluc\/wp-content\/uploads\/2023\/08\/1000_F_158678368_PkMKD87SzvEWzuDafLpMEjBtwa9Y7m0N-700x477.jpg 700w, https:\/\/www.fabricac.com.br\/oluc\/wp-content\/uploads\/2023\/08\/1000_F_158678368_PkMKD87SzvEWzuDafLpMEjBtwa9Y7m0N-600x409.jpg 600w\" sizes=\"(max-width: 600px) 100vw, 600px\" \/>\t\t\t\t\t\t\t\t\t\t\t\t\t\t\t<\/div>\n\t\t\t\t<\/div>\n\t\t\t\t\t<\/div>\n\t\t<\/div>\n\t\t\t\t<div class=\"elementor-column elementor-col-50 elementor-inner-column elementor-element elementor-element-8cd6b5d\" data-id=\"8cd6b5d\" data-element_type=\"column\">\n\t\t\t<div class=\"elementor-widget-wrap elementor-element-populated\">\n\t\t\t\t\t\t\t\t<div class=\"elementor-element elementor-element-ad27a33 elementor-widget elementor-widget-text-editor\" data-id=\"ad27a33\" data-element_type=\"widget\" data-widget_type=\"text-editor.default\">\n\t\t\t\t<div class=\"elementor-widget-container\">\n\t\t\t        <div class=\"elementor-text-editor elementor-clearfix\"><p>A ind\u00fastria de rerrefino dever\u00e1 possuir, impreterivelmente, autoriza\u00e7\u00e3o da ANP para o exerc\u00edcio das atividades assim como ser licenciada pelo \u00f3rg\u00e3o ambiental competente.<\/p><p>Os rerrefinadores dever\u00e3o receber todo o OLUC exclusivamente do coletor autorizado pela ANP, emitindo o respectivo Certificado de Recebimento de OLUC (CRO). O CRO \u00e9 um documento oficial institu\u00eddo pela ANP, no qual constam os dados do rerrefinador, como CNPJ, endere\u00e7o, n\u00famero de Autoriza\u00e7\u00e3o expedida pela ANP, dados do Coletor, volumes de OLUC recebidos e a qual Produtora esse volume de coleta aproveita para fins de cumprimento da meta.<\/p><\/div>\n        \t\t<\/div>\n\t\t\t\t<\/div>\n\t\t\t\t\t<\/div>\n\t\t<\/div>\n\t\t\t\t\t\t\t<\/div>\n\t\t<\/section>\n\t\t\t\t<div class=\"elementor-element elementor-element-14fcd5a elementor-widget elementor-widget-text-editor\" data-id=\"14fcd5a\" data-element_type=\"widget\" data-widget_type=\"text-editor.default\">\n\t\t\t\t<div class=\"elementor-widget-container\">\n\t\t\t        <div class=\"elementor-text-editor elementor-clearfix\"><p>Os res\u00edduos gerados no processo de Rerrefino s\u00e3o enviados atrav\u00e9s de CADRI para gera\u00e7\u00e3o de energia em coprocessamento, conforme previsto na Resolu\u00e7\u00e3o Conama n\u00ba 499\/2020, que veio\u00a0 impulsionar, nessa modalidade segura de destino, controlada e alinhada com os objetivos do Pa\u00eds, especialmente no que se refere \u00e0 Pol\u00edtica Nacional de Res\u00edduos S\u00f3lidos \u2013 PRNS, e \u00a0aos conceitos de economia circular, economia de baixo carbono e uso sustent\u00e1vel dos recursos naturais.<\/p><\/div>\n        \t\t<\/div>\n\t\t\t\t<\/div>\n\t\t\t\t\t<\/div>\n\t\t<\/div>\n\t\t\t\t\t\t\t<\/div>\n\t\t<\/section>\n\t\t\t\t\t\t\t<\/div>\n\t\t","protected":false},"excerpt":{"rendered":"<p>Responsabilidades do Retorno do OLUC ao processo de Rerrefino. Do Coletor A empresa Coletora de OLUC dever\u00e1 possuir, impreterivelmente, autoriza\u00e7\u00e3o da ANP para o exerc\u00edcio da atividade, licen\u00e7a ambiental emitida pelo \u00f3rg\u00e3o competente, assim como observar a regula\u00e7\u00e3o de transporte de res\u00edduos perigosos. O Coletor dever\u00e1 ainda, garantir que as atividades de armazenamento, manuseio e &hellip; <\/p>\n<p class=\"link-more\"><a href=\"https:\/\/www.fabricac.com.br\/oluc\/responsabilidades-do-retorno-do-oluc-ao-processo-de-rerrefino\/\" class=\"more-link\">Read More <span class=\"screen-reader-text\"> &#8220;Responsabilidades do Retorno do OLUC ao processo de Rerrefino.&#8221;<\/span><\/a><\/p>\n","protected":false},"author":1,"featured_media":0,"parent":0,"menu_order":0,"comment_status":"closed","ping_status":"closed","template":"elementor_header_footer","meta":[],"yoast_head":"<!-- This site is optimized with the Yoast SEO plugin v20.5 - https:\/\/yoast.com\/wordpress\/plugins\/seo\/ -->\n<title>Responsabilidades do Retorno do OLUC ao processo de Rerrefino. - OLUC<\/title>\n<meta name=\"robots\" content=\"index, follow, max-snippet:-1, max-image-preview:large, max-video-preview:-1\" \/>\n<link rel=\"canonical\" href=\"https:\/\/www.fabricac.com.br\/oluc\/responsabilidades-do-retorno-do-oluc-ao-processo-de-rerrefino\/\" \/>\n<meta property=\"og:locale\" content=\"pt_BR\" \/>\n<meta property=\"og:type\" content=\"article\" \/>\n<meta property=\"og:title\" content=\"Responsabilidades do Retorno do OLUC ao processo de Rerrefino. - OLUC\" \/>\n<meta property=\"og:description\" content=\"Responsabilidades do Retorno do OLUC ao processo de Rerrefino. Do Coletor A empresa Coletora de OLUC dever\u00e1 possuir, impreterivelmente, autoriza\u00e7\u00e3o da ANP para o exerc\u00edcio da atividade, licen\u00e7a ambiental emitida pelo \u00f3rg\u00e3o competente, assim como observar a regula\u00e7\u00e3o de transporte de res\u00edduos perigosos. O Coletor dever\u00e1 ainda, garantir que as atividades de armazenamento, manuseio e &hellip; Read More &quot;Responsabilidades do Retorno do OLUC ao processo de Rerrefino.&quot;\" \/>\n<meta property=\"og:url\" content=\"https:\/\/www.fabricac.com.br\/oluc\/responsabilidades-do-retorno-do-oluc-ao-processo-de-rerrefino\/\" \/>\n<meta property=\"og:site_name\" content=\"OLUC\" \/>\n<meta property=\"article:modified_time\" content=\"2023-08-14T19:53:28+00:00\" \/>\n<meta property=\"og:image\" content=\"https:\/\/www.fabricac.com.br\/oluc\/wp-content\/uploads\/2023\/08\/1000_F_491534864_Sucj9POycrFy9Jl5tn58WR4Nhjiq1pc9.jpg\" \/>\n<meta name=\"twitter:card\" content=\"summary_large_image\" \/>\n<meta name=\"twitter:label1\" content=\"Est. tempo de leitura\" \/>\n\t<meta name=\"twitter:data1\" content=\"3 minutos\" \/>\n<script type=\"application\/ld+json\" class=\"yoast-schema-graph\">{\"@context\":\"https:\/\/schema.org\",\"@graph\":[{\"@type\":\"WebPage\",\"@id\":\"https:\/\/www.fabricac.com.br\/oluc\/responsabilidades-do-retorno-do-oluc-ao-processo-de-rerrefino\/\",\"url\":\"https:\/\/www.fabricac.com.br\/oluc\/responsabilidades-do-retorno-do-oluc-ao-processo-de-rerrefino\/\",\"name\":\"Responsabilidades do Retorno do OLUC ao processo de Rerrefino. - OLUC\",\"isPartOf\":{\"@id\":\"https:\/\/www.fabricac.com.br\/oluc\/#website\"},\"datePublished\":\"2023-06-13T21:06:09+00:00\",\"dateModified\":\"2023-08-14T19:53:28+00:00\",\"breadcrumb\":{\"@id\":\"https:\/\/www.fabricac.com.br\/oluc\/responsabilidades-do-retorno-do-oluc-ao-processo-de-rerrefino\/#breadcrumb\"},\"inLanguage\":\"pt-BR\",\"potentialAction\":[{\"@type\":\"ReadAction\",\"target\":[\"https:\/\/www.fabricac.com.br\/oluc\/responsabilidades-do-retorno-do-oluc-ao-processo-de-rerrefino\/\"]}]},{\"@type\":\"BreadcrumbList\",\"@id\":\"https:\/\/www.fabricac.com.br\/oluc\/responsabilidades-do-retorno-do-oluc-ao-processo-de-rerrefino\/#breadcrumb\",\"itemListElement\":[{\"@type\":\"ListItem\",\"position\":1,\"name\":\"In\u00edcio\",\"item\":\"https:\/\/www.fabricac.com.br\/oluc\/\"},{\"@type\":\"ListItem\",\"position\":2,\"name\":\"Responsabilidades do Retorno do OLUC ao processo de Rerrefino.\"}]},{\"@type\":\"WebSite\",\"@id\":\"https:\/\/www.fabricac.com.br\/oluc\/#website\",\"url\":\"https:\/\/www.fabricac.com.br\/oluc\/\",\"name\":\"OLUC\",\"description\":\"Log\u00edstica Reversa de \u00d3leos Lubrificantes Usados ou Contaminados\",\"publisher\":{\"@id\":\"https:\/\/www.fabricac.com.br\/oluc\/#organization\"},\"potentialAction\":[{\"@type\":\"SearchAction\",\"target\":{\"@type\":\"EntryPoint\",\"urlTemplate\":\"https:\/\/www.fabricac.com.br\/oluc\/?s={search_term_string}\"},\"query-input\":\"required name=search_term_string\"}],\"inLanguage\":\"pt-BR\"},{\"@type\":\"Organization\",\"@id\":\"https:\/\/www.fabricac.com.br\/oluc\/#organization\",\"name\":\"OLUC\",\"url\":\"https:\/\/www.fabricac.com.br\/oluc\/\",\"logo\":{\"@type\":\"ImageObject\",\"inLanguage\":\"pt-BR\",\"@id\":\"https:\/\/www.fabricac.com.br\/oluc\/#\/schema\/logo\/image\/\",\"url\":\"\",\"contentUrl\":\"\",\"caption\":\"OLUC\"},\"image\":{\"@id\":\"https:\/\/www.fabricac.com.br\/oluc\/#\/schema\/logo\/image\/\"}}]}<\/script>\n<!-- \/ Yoast SEO plugin. -->","yoast_head_json":{"title":"Responsabilidades do Retorno do OLUC ao processo de Rerrefino. - OLUC","robots":{"index":"index","follow":"follow","max-snippet":"max-snippet:-1","max-image-preview":"max-image-preview:large","max-video-preview":"max-video-preview:-1"},"canonical":"https:\/\/www.fabricac.com.br\/oluc\/responsabilidades-do-retorno-do-oluc-ao-processo-de-rerrefino\/","og_locale":"pt_BR","og_type":"article","og_title":"Responsabilidades do Retorno do OLUC ao processo de Rerrefino. - OLUC","og_description":"Responsabilidades do Retorno do OLUC ao processo de Rerrefino. Do Coletor A empresa Coletora de OLUC dever\u00e1 possuir, impreterivelmente, autoriza\u00e7\u00e3o da ANP para o exerc\u00edcio da atividade, licen\u00e7a ambiental emitida pelo \u00f3rg\u00e3o competente, assim como observar a regula\u00e7\u00e3o de transporte de res\u00edduos perigosos. O Coletor dever\u00e1 ainda, garantir que as atividades de armazenamento, manuseio e &hellip; Read More \"Responsabilidades do Retorno do OLUC ao processo de Rerrefino.\"","og_url":"https:\/\/www.fabricac.com.br\/oluc\/responsabilidades-do-retorno-do-oluc-ao-processo-de-rerrefino\/","og_site_name":"OLUC","article_modified_time":"2023-08-14T19:53:28+00:00","og_image":[{"url":"https:\/\/www.fabricac.com.br\/oluc\/wp-content\/uploads\/2023\/08\/1000_F_491534864_Sucj9POycrFy9Jl5tn58WR4Nhjiq1pc9.jpg"}],"twitter_card":"summary_large_image","twitter_misc":{"Est. tempo de leitura":"3 minutos"},"schema":{"@context":"https:\/\/schema.org","@graph":[{"@type":"WebPage","@id":"https:\/\/www.fabricac.com.br\/oluc\/responsabilidades-do-retorno-do-oluc-ao-processo-de-rerrefino\/","url":"https:\/\/www.fabricac.com.br\/oluc\/responsabilidades-do-retorno-do-oluc-ao-processo-de-rerrefino\/","name":"Responsabilidades do Retorno do OLUC ao processo de Rerrefino. - OLUC","isPartOf":{"@id":"https:\/\/www.fabricac.com.br\/oluc\/#website"},"datePublished":"2023-06-13T21:06:09+00:00","dateModified":"2023-08-14T19:53:28+00:00","breadcrumb":{"@id":"https:\/\/www.fabricac.com.br\/oluc\/responsabilidades-do-retorno-do-oluc-ao-processo-de-rerrefino\/#breadcrumb"},"inLanguage":"pt-BR","potentialAction":[{"@type":"ReadAction","target":["https:\/\/www.fabricac.com.br\/oluc\/responsabilidades-do-retorno-do-oluc-ao-processo-de-rerrefino\/"]}]},{"@type":"BreadcrumbList","@id":"https:\/\/www.fabricac.com.br\/oluc\/responsabilidades-do-retorno-do-oluc-ao-processo-de-rerrefino\/#breadcrumb","itemListElement":[{"@type":"ListItem","position":1,"name":"In\u00edcio","item":"https:\/\/www.fabricac.com.br\/oluc\/"},{"@type":"ListItem","position":2,"name":"Responsabilidades do Retorno do OLUC ao processo de Rerrefino."}]},{"@type":"WebSite","@id":"https:\/\/www.fabricac.com.br\/oluc\/#website","url":"https:\/\/www.fabricac.com.br\/oluc\/","name":"OLUC","description":"Log\u00edstica Reversa de \u00d3leos Lubrificantes Usados ou Contaminados","publisher":{"@id":"https:\/\/www.fabricac.com.br\/oluc\/#organization"},"potentialAction":[{"@type":"SearchAction","target":{"@type":"EntryPoint","urlTemplate":"https:\/\/www.fabricac.com.br\/oluc\/?s={search_term_string}"},"query-input":"required name=search_term_string"}],"inLanguage":"pt-BR"},{"@type":"Organization","@id":"https:\/\/www.fabricac.com.br\/oluc\/#organization","name":"OLUC","url":"https:\/\/www.fabricac.com.br\/oluc\/","logo":{"@type":"ImageObject","inLanguage":"pt-BR","@id":"https:\/\/www.fabricac.com.br\/oluc\/#\/schema\/logo\/image\/","url":"","contentUrl":"","caption":"OLUC"},"image":{"@id":"https:\/\/www.fabricac.com.br\/oluc\/#\/schema\/logo\/image\/"}}]}},"_links":{"self":[{"href":"https:\/\/www.fabricac.com.br\/oluc\/wp-json\/wp\/v2\/pages\/9224"}],"collection":[{"href":"https:\/\/www.fabricac.com.br\/oluc\/wp-json\/wp\/v2\/pages"}],"about":[{"href":"https:\/\/www.fabricac.com.br\/oluc\/wp-json\/wp\/v2\/types\/page"}],"author":[{"embeddable":true,"href":"https:\/\/www.fabricac.com.br\/oluc\/wp-json\/wp\/v2\/users\/1"}],"replies":[{"embeddable":true,"href":"https:\/\/www.fabricac.com.br\/oluc\/wp-json\/wp\/v2\/comments?post=9224"}],"version-history":[{"count":13,"href":"https:\/\/www.fabricac.com.br\/oluc\/wp-json\/wp\/v2\/pages\/9224\/revisions"}],"predecessor-version":[{"id":9578,"href":"https:\/\/www.fabricac.com.br\/oluc\/wp-json\/wp\/v2\/pages\/9224\/revisions\/9578"}],"wp:attachment":[{"href":"https:\/\/www.fabricac.com.br\/oluc\/wp-json\/wp\/v2\/media?parent=9224"}],"curies":[{"name":"wp","href":"https:\/\/api.w.org\/{rel}","templated":true}]}}