{"id":4119,"date":"2025-09-19T09:57:14","date_gmt":"2025-09-19T12:57:14","guid":{"rendered":"https:\/\/www.fabricac.com.br\/messer\/?page_id=4119"},"modified":"2025-10-24T10:59:11","modified_gmt":"2025-10-24T13:59:11","slug":"seja-um-fornecedor-messer","status":"publish","type":"page","link":"https:\/\/www.fabricac.com.br\/messer\/seja-um-fornecedor-messer\/","title":{"rendered":"Seja um Fornecedor Messer"},"content":{"rendered":"\t\t<div data-elementor-type=\"wp-page\" data-elementor-id=\"4119\" class=\"elementor elementor-4119\" data-elementor-post-type=\"page\">\n\t\t\t\t<div class=\"elementor-element elementor-element-e64dd0a e-flex e-con-boxed e-con e-parent\" data-id=\"e64dd0a\" data-element_type=\"container\" data-settings=\"{&quot;background_background&quot;:&quot;classic&quot;}\">\n\t\t\t\t\t<div class=\"e-con-inner\">\n\t\t<div class=\"elementor-element elementor-element-604847f e-con-full e-flex e-con e-child\" data-id=\"604847f\" data-element_type=\"container\">\n\t\t\t\t<div class=\"elementor-element elementor-element-69759bd elementor-widget elementor-widget-heading\" data-id=\"69759bd\" data-element_type=\"widget\" data-widget_type=\"heading.default\">\n\t\t\t\t\t<h2 class=\"elementor-heading-title elementor-size-default\">Seja um Fornecedor Messer<\/h2>\t\t\t\t<\/div>\n\t\t\t\t<div class=\"elementor-element elementor-element-f711e82 elementor-widget__width-initial elementor-widget elementor-widget-heading\" data-id=\"f711e82\" data-element_type=\"widget\" data-widget_type=\"heading.default\">\n\t\t\t\t\t<h3 class=\"elementor-heading-title elementor-size-default\">Fa\u00e7a parte da rede de fornecimento de uma das empresas mais inovadoras do Brasil (Pr\u00eamio Valor Inova\u00e7\u00e3o)<\/h3>\t\t\t\t<\/div>\n\t\t\t\t<\/div>\n\t\t\t\t\t<\/div>\n\t\t\t\t<\/div>\n\t\t<div class=\"elementor-element elementor-element-051f68a e-flex e-con-boxed e-con e-parent\" data-id=\"051f68a\" data-element_type=\"container\">\n\t\t\t\t\t<div class=\"e-con-inner\">\n\t\t\t\t<div class=\"elementor-element elementor-element-639d6af elementor-widget elementor-widget-text-editor\" data-id=\"639d6af\" data-element_type=\"widget\" data-widget_type=\"text-editor.default\">\n\t\t\t\t\t\t\t\t\t<p>Tornar-se um fornecedor Messer Gases \u00e9 f\u00e1cil e pr\u00e1tico. Envie sua solicita\u00e7\u00e3o preenchendo o formul\u00e1rio de cadastro corretamente para que possamos analisar e posteriormente inseri-lo em nossa base de fornecedores eleg\u00edveis.<\/p>\t\t\t\t\t\t\t\t<\/div>\n\t\t\t\t\t<\/div>\n\t\t\t\t<\/div>\n\t\t<div class=\"elementor-element elementor-element-10eef3d e-flex e-con-boxed e-con e-parent\" data-id=\"10eef3d\" data-element_type=\"container\">\n\t\t\t\t\t<div class=\"e-con-inner\">\n\t\t<div class=\"elementor-element elementor-element-dd9238a e-con-full e-flex e-con e-child\" data-id=\"dd9238a\" data-element_type=\"container\">\n\t\t\t\t<div class=\"elementor-element elementor-element-8588c57 lined-title elementor-widget elementor-widget-heading\" data-id=\"8588c57\" data-element_type=\"widget\" data-widget_type=\"heading.default\">\n\t\t\t\t\t<h2 class=\"elementor-heading-title elementor-size-default\">Requisitos<\/h2>\t\t\t\t<\/div>\n\t\t\t\t<div class=\"elementor-element elementor-element-f800fc6 elementor-widget elementor-widget-text-editor\" data-id=\"f800fc6\" data-element_type=\"widget\" data-widget_type=\"text-editor.default\">\n\t\t\t\t\t\t\t\t\t<p>A Messer Gases desenvolve tecnologias que s\u00e3o aplicadas no uso de gases em segmentos da ind\u00fastria, na tecnologia de alimentos, medicina, pesquisa e ci\u00eancia. Para poder atender os mais altos padr\u00f5es de produ\u00e7\u00f5es exigidos pelo mercado, nossos fornecedores devem atender \u00e0s pol\u00edticas:<\/p>\t\t\t\t\t\t\t\t<\/div>\n\t\t\t\t<div class=\"elementor-element elementor-element-7c9ab24 elementor-align-left elementor-widget elementor-widget-button\" data-id=\"7c9ab24\" data-element_type=\"widget\" data-widget_type=\"button.default\">\n\t\t\t\t\t\t\t\t\t\t<a class=\"elementor-button elementor-button-link elementor-size-sm\" href=\"#refino\">\n\t\t\t\t\t\t<span class=\"elementor-button-content-wrapper\">\n\t\t\t\t\t\t<span class=\"elementor-button-icon\">\n\t\t\t\t<svg aria-hidden=\"true\" class=\"e-font-icon-svg e-fas-arrow-right\" viewBox=\"0 0 448 512\" xmlns=\"http:\/\/www.w3.org\/2000\/svg\"><path d=\"M190.5 66.9l22.2-22.2c9.4-9.4 24.6-9.4 33.9 0L441 239c9.4 9.4 9.4 24.6 0 33.9L246.6 467.3c-9.4 9.4-24.6 9.4-33.9 0l-22.2-22.2c-9.5-9.5-9.3-25 .4-34.3L311.4 296H24c-13.3 0-24-10.7-24-24v-32c0-13.3 10.7-24 24-24h287.4L190.9 101.2c-9.8-9.3-10-24.8-.4-34.3z\"><\/path><\/svg>\t\t\t<\/span>\n\t\t\t\t\t\t\t\t\t<span class=\"elementor-button-text\">C\u00f3digo de Conduta Messer (PDF)<\/span>\n\t\t\t\t\t<\/span>\n\t\t\t\t\t<\/a>\n\t\t\t\t\t\t\t\t<\/div>\n\t\t\t\t<div class=\"elementor-element elementor-element-a30cb30 elementor-align-left elementor-widget elementor-widget-button\" data-id=\"a30cb30\" data-element_type=\"widget\" data-widget_type=\"button.default\">\n\t\t\t\t\t\t\t\t\t\t<a class=\"elementor-button elementor-button-link elementor-size-sm\" href=\"#combustao\">\n\t\t\t\t\t\t<span class=\"elementor-button-content-wrapper\">\n\t\t\t\t\t\t<span class=\"elementor-button-icon\">\n\t\t\t\t<svg aria-hidden=\"true\" class=\"e-font-icon-svg e-fas-arrow-right\" viewBox=\"0 0 448 512\" xmlns=\"http:\/\/www.w3.org\/2000\/svg\"><path d=\"M190.5 66.9l22.2-22.2c9.4-9.4 24.6-9.4 33.9 0L441 239c9.4 9.4 9.4 24.6 0 33.9L246.6 467.3c-9.4 9.4-24.6 9.4-33.9 0l-22.2-22.2c-9.5-9.5-9.3-25 .4-34.3L311.4 296H24c-13.3 0-24-10.7-24-24v-32c0-13.3 10.7-24 24-24h287.4L190.9 101.2c-9.8-9.3-10-24.8-.4-34.3z\"><\/path><\/svg>\t\t\t<\/span>\n\t\t\t\t\t\t\t\t\t<span class=\"elementor-button-text\">Regras de Ouro (PDF)<\/span>\n\t\t\t\t\t<\/span>\n\t\t\t\t\t<\/a>\n\t\t\t\t\t\t\t\t<\/div>\n\t\t\t\t<div class=\"elementor-element elementor-element-a988a8e elementor-align-left elementor-widget elementor-widget-button\" data-id=\"a988a8e\" data-element_type=\"widget\" data-widget_type=\"button.default\">\n\t\t\t\t\t\t\t\t\t\t<a class=\"elementor-button elementor-button-link elementor-size-sm\" href=\"#termico\">\n\t\t\t\t\t\t<span class=\"elementor-button-content-wrapper\">\n\t\t\t\t\t\t<span class=\"elementor-button-icon\">\n\t\t\t\t<svg aria-hidden=\"true\" class=\"e-font-icon-svg e-fas-arrow-right\" viewBox=\"0 0 448 512\" xmlns=\"http:\/\/www.w3.org\/2000\/svg\"><path d=\"M190.5 66.9l22.2-22.2c9.4-9.4 24.6-9.4 33.9 0L441 239c9.4 9.4 9.4 24.6 0 33.9L246.6 467.3c-9.4 9.4-24.6 9.4-33.9 0l-22.2-22.2c-9.5-9.5-9.3-25 .4-34.3L311.4 296H24c-13.3 0-24-10.7-24-24v-32c0-13.3 10.7-24 24-24h287.4L190.9 101.2c-9.8-9.3-10-24.8-.4-34.3z\"><\/path><\/svg>\t\t\t<\/span>\n\t\t\t\t\t\t\t\t\t<span class=\"elementor-button-text\">Rela\u00e7\u00e3o de Documentos (PDF)<\/span>\n\t\t\t\t\t<\/span>\n\t\t\t\t\t<\/a>\n\t\t\t\t\t\t\t\t<\/div>\n\t\t\t\t<\/div>\n\t\t<div class=\"elementor-element elementor-element-894adc4 e-con-full e-flex e-con e-child\" data-id=\"894adc4\" data-element_type=\"container\">\n\t\t\t\t<div class=\"elementor-element elementor-element-7aa6652 elementor-widget elementor-widget-image\" data-id=\"7aa6652\" data-element_type=\"widget\" data-widget_type=\"image.default\">\n\t\t\t\t\t\t\t\t\t\t\t\t\t\t\t<img fetchpriority=\"high\" decoding=\"async\" width=\"301\" height=\"555\" src=\"https:\/\/www.fabricac.com.br\/messer\/wp-content\/uploads\/2025\/10\/plant-messer3.webp\" class=\"attachment-full size-full wp-image-12677\" alt=\"\" srcset=\"https:\/\/www.fabricac.com.br\/messer\/wp-content\/uploads\/2025\/10\/plant-messer3.webp 301w, https:\/\/www.fabricac.com.br\/messer\/wp-content\/uploads\/2025\/10\/plant-messer3-163x300.webp 163w\" sizes=\"(max-width: 301px) 100vw, 301px\" \/>\t\t\t\t\t\t\t\t\t\t\t\t\t\t\t<\/div>\n\t\t\t\t<\/div>\n\t\t<div class=\"elementor-element elementor-element-c040306 e-con-full e-flex e-con e-child\" data-id=\"c040306\" data-element_type=\"container\">\n\t\t\t\t<div class=\"elementor-element elementor-element-ca25c2e elementor-widget elementor-widget-image\" data-id=\"ca25c2e\" data-element_type=\"widget\" data-widget_type=\"image.default\">\n\t\t\t\t\t\t\t\t\t\t\t\t\t\t\t<img decoding=\"async\" width=\"301\" height=\"555\" src=\"https:\/\/www.fabricac.com.br\/messer\/wp-content\/uploads\/2025\/10\/plant-messer1.webp\" class=\"attachment-full size-full wp-image-12675\" alt=\"\" srcset=\"https:\/\/www.fabricac.com.br\/messer\/wp-content\/uploads\/2025\/10\/plant-messer1.webp 301w, https:\/\/www.fabricac.com.br\/messer\/wp-content\/uploads\/2025\/10\/plant-messer1-163x300.webp 163w\" sizes=\"(max-width: 301px) 100vw, 301px\" \/>\t\t\t\t\t\t\t\t\t\t\t\t\t\t\t<\/div>\n\t\t\t\t<\/div>\n\t\t\t\t\t<\/div>\n\t\t\t\t<\/div>\n\t\t<div class=\"elementor-element elementor-element-e096278 e-flex e-con-boxed e-con e-parent\" data-id=\"e096278\" data-element_type=\"container\" data-settings=\"{&quot;background_background&quot;:&quot;classic&quot;}\">\n\t\t\t\t\t<div class=\"e-con-inner\">\n\t\t<div class=\"elementor-element elementor-element-bf56da8 e-con-full e-flex e-con e-child\" data-id=\"bf56da8\" data-element_type=\"container\">\n\t\t\t\t<div class=\"elementor-element elementor-element-c0c57f3 lined-title elementor-widget elementor-widget-heading\" data-id=\"c0c57f3\" data-element_type=\"widget\" data-widget_type=\"heading.default\">\n\t\t\t\t\t<h2 class=\"elementor-heading-title elementor-size-default\">Formul\u00e1rio de Cadastro<\/h2>\t\t\t\t<\/div>\n\t\t<div class=\"elementor-element elementor-element-f92866c e-con-full e-flex e-con e-child\" data-id=\"f92866c\" data-element_type=\"container\">\n\t\t<div class=\"elementor-element elementor-element-1edeee0 e-con-full e-flex e-con e-child\" data-id=\"1edeee0\" data-element_type=\"container\">\n\t\t\t\t<div class=\"elementor-element elementor-element-20cb10b elementor-widget elementor-widget-text-editor\" data-id=\"20cb10b\" data-element_type=\"widget\" data-widget_type=\"text-editor.default\">\n\t\t\t\t\t\t\t\t\t<p>Obrigado pelo seu interesse em se tornar um fornecedor da Messer Gases!\u00a0Na Messer, estamos continuamente nos esfor\u00e7ando para construir uma cadeia de suprimentos competitiva e voltada para seguran\u00e7a, qualidade e inova\u00e7\u00e3o.<\/p>\t\t\t\t\t\t\t\t<\/div>\n\t\t\t\t<\/div>\n\t\t<div class=\"elementor-element elementor-element-ff38cd6 e-con-full e-flex e-con e-child\" data-id=\"ff38cd6\" data-element_type=\"container\">\n\t\t\t\t<div class=\"elementor-element elementor-element-791bd8a elementor-widget elementor-widget-text-editor\" data-id=\"791bd8a\" data-element_type=\"widget\" data-widget_type=\"text-editor.default\">\n\t\t\t\t\t\t\t\t\t<p>\u00c9 importante ressaltar que s\u00f3 ser\u00e3o aceitos os cadastros de empresas que atendem a todas \u00e0s exig\u00eancias legais especificadas nos documentos C\u00f3digo de Conduta, Regras de Ouro e Rela\u00e7\u00e3o de Documentos.<\/p>\t\t\t\t\t\t\t\t<\/div>\n\t\t\t\t<\/div>\n\t\t\t\t<\/div>\n\t\t\t\t<div class=\"elementor-element elementor-element-4a0a4b5 elementor-align-left elementor-mobile-align-center elementor-widget elementor-widget-button\" data-id=\"4a0a4b5\" data-element_type=\"widget\" data-widget_type=\"button.default\">\n\t\t\t\t\t\t\t\t\t\t<a class=\"elementor-button elementor-button-link elementor-size-sm\" href=\"https:\/\/forms.office.com\/Pages\/ResponsePage.aspx?id=FWw-oRTiiU6RunKEDwDVSButzTuD5OVJvdoCsuXoE35UNFROSUNKT1FMU041NTZDOUI3VkoxN1JPTS4u\" target=\"_blank\">\n\t\t\t\t\t\t<span class=\"elementor-button-content-wrapper\">\n\t\t\t\t\t\t\t\t\t<span class=\"elementor-button-text\">Formul\u00e1rio de Cadastro de Fornecedores<\/span>\n\t\t\t\t\t<\/span>\n\t\t\t\t\t<\/a>\n\t\t\t\t\t\t\t\t<\/div>\n\t\t\t\t<\/div>\n\t\t\t\t\t<\/div>\n\t\t\t\t<\/div>\n\t\t<div class=\"elementor-element elementor-element-6f0b745 e-flex e-con-boxed e-con e-parent\" data-id=\"6f0b745\" data-element_type=\"container\" data-settings=\"{&quot;background_background&quot;:&quot;classic&quot;}\">\n\t\t\t\t\t<div class=\"e-con-inner\">\n\t\t<div class=\"elementor-element elementor-element-021ca45 e-con-full e-flex e-con e-child\" data-id=\"021ca45\" data-element_type=\"container\">\n\t\t<div class=\"elementor-element elementor-element-0960b2b e-con-full e-flex e-con e-child\" data-id=\"0960b2b\" data-element_type=\"container\">\n\t\t<div class=\"elementor-element elementor-element-36aa60d e-con-full e-flex e-con e-child\" data-id=\"36aa60d\" data-element_type=\"container\">\n\t\t\t\t<div class=\"elementor-element elementor-element-5341867 lined-title elementor-widget elementor-widget-heading\" data-id=\"5341867\" data-element_type=\"widget\" data-widget_type=\"heading.default\">\n\t\t\t\t\t<h2 class=\"elementor-heading-title elementor-size-default\">Coupa<\/h2>\t\t\t\t<\/div>\n\t\t\t\t<div class=\"elementor-element elementor-element-5178e0d elementor-widget elementor-widget-text-editor\" data-id=\"5178e0d\" data-element_type=\"widget\" data-widget_type=\"text-editor.default\">\n\t\t\t\t\t\t\t\t\t<p>Se voc\u00ea fornece para a \u00e1rea de Suprimentos, a ferramenta Coupa \u00e9 o canal para envio e recebimento de cota\u00e7\u00f5es (RFps, RFQs, RFIs). O acesso \u00e0 ferramenta \u00e9 feito atrav\u00e9s de um link informado no email de convite a cada novo processo de cota\u00e7\u00e3o.<\/p><p>Ap\u00f3s a conclus\u00e3o do seu pr\u00e9-cadastro, fique atento a sua caixa de e-mail ou spam para eventual contato atrav\u00e9s do Coupa Sourcing (do_not_reply@messer-us.coupahost.com).<\/p>\t\t\t\t\t\t\t\t<\/div>\n\t\t\t\t<\/div>\n\t\t<div class=\"elementor-element elementor-element-95fbc5e e-con-full e-flex e-con e-child\" data-id=\"95fbc5e\" data-element_type=\"container\">\n\t\t\t\t<div class=\"elementor-element elementor-element-1521ecc elementor-widget elementor-widget-image\" data-id=\"1521ecc\" data-element_type=\"widget\" data-widget_type=\"image.default\">\n\t\t\t\t\t\t\t\t\t\t\t\t\t\t\t<img decoding=\"async\" width=\"720\" height=\"483\" src=\"https:\/\/www.fabricac.com.br\/messer\/wp-content\/uploads\/2025\/09\/coupa.webp\" class=\"attachment-large size-large wp-image-4151\" alt=\"\" srcset=\"https:\/\/www.fabricac.com.br\/messer\/wp-content\/uploads\/2025\/09\/coupa.webp 720w, https:\/\/www.fabricac.com.br\/messer\/wp-content\/uploads\/2025\/09\/coupa-300x201.webp 300w\" sizes=\"(max-width: 720px) 100vw, 720px\" \/>\t\t\t\t\t\t\t\t\t\t\t\t\t\t\t<\/div>\n\t\t\t\t<\/div>\n\t\t\t\t<\/div>\n\t\t\t\t<\/div>\n\t\t\t\t\t<\/div>\n\t\t\t\t<\/div>\n\t\t<div class=\"elementor-element elementor-element-09dee29 e-flex e-con-boxed e-con e-parent\" data-id=\"09dee29\" data-element_type=\"container\" data-settings=\"{&quot;background_background&quot;:&quot;classic&quot;}\">\n\t\t\t\t\t<div class=\"e-con-inner\">\n\t\t<div class=\"elementor-element elementor-element-00bb18b e-con-full e-flex e-con e-child\" data-id=\"00bb18b\" data-element_type=\"container\">\n\t\t\t\t<div class=\"elementor-element elementor-element-840eac5 lined-title elementor-widget elementor-widget-heading\" data-id=\"840eac5\" data-element_type=\"widget\" data-widget_type=\"heading.default\">\n\t\t\t\t\t<h2 class=\"elementor-heading-title elementor-size-default\">Envio de documentos<\/h2>\t\t\t\t<\/div>\n\t\t\t\t<div class=\"elementor-element elementor-element-40cf6d2 elementor-widget elementor-widget-text-editor\" data-id=\"40cf6d2\" data-element_type=\"widget\" data-widget_type=\"text-editor.default\">\n\t\t\t\t\t\t\t\t\t<p>Para facilitar a comunica\u00e7\u00e3o com seus fornecedores, a Messer Gases possui canais espec\u00edficos para envio de documentos por seus fornecedores.<\/p><ul><li>Envio de arquivo XML de NFE:\u00a0<strong><a href=\"mailto:entrada.xml.nfe@messer-br.com\">entrada.xml.nfe@messer-br.com<\/a><\/strong><\/li><li>Envio de arquivo XML de CT-e:\u00a0<a href=\"mailto:cte.xml@messer-br.com\"><strong>cte.xml@messer-br.com<\/strong><\/a><\/li><li>Consulta de status de pagamentos:\u00a0<strong><a href=\"mailto:atendimento.fornecedores@messer-br.com\">atendimento.fornecedores@messer-br.com<\/a><\/strong><\/li><\/ul>\t\t\t\t\t\t\t\t<\/div>\n\t\t\t\t<\/div>\n\t\t\t\t\t<\/div>\n\t\t\t\t<\/div>\n\t\t\t\t<\/div>\n\t\t","protected":false},"excerpt":{"rendered":"<p>Seja um Fornecedor Messer Fa\u00e7a parte da rede de fornecimento de uma das empresas mais inovadoras do Brasil (Pr\u00eamio Valor Inova\u00e7\u00e3o) Tornar-se um fornecedor Messer Gases \u00e9 f\u00e1cil e pr\u00e1tico. Envie sua solicita\u00e7\u00e3o preenchendo o formul\u00e1rio de cadastro corretamente para que possamos analisar e posteriormente inseri-lo em nossa base de fornecedores eleg\u00edveis. Requisitos A Messer [&hellip;]<\/p>\n","protected":false},"author":1,"featured_media":0,"parent":0,"menu_order":0,"comment_status":"closed","ping_status":"closed","template":"","meta":{"footnotes":""},"class_list":["post-4119","page","type-page","status-publish","hentry"],"_links":{"self":[{"href":"https:\/\/www.fabricac.com.br\/messer\/wp-json\/wp\/v2\/pages\/4119","targetHints":{"allow":["GET"]}}],"collection":[{"href":"https:\/\/www.fabricac.com.br\/messer\/wp-json\/wp\/v2\/pages"}],"about":[{"href":"https:\/\/www.fabricac.com.br\/messer\/wp-json\/wp\/v2\/types\/page"}],"author":[{"embeddable":true,"href":"https:\/\/www.fabricac.com.br\/messer\/wp-json\/wp\/v2\/users\/1"}],"replies":[{"embeddable":true,"href":"https:\/\/www.fabricac.com.br\/messer\/wp-json\/wp\/v2\/comments?post=4119"}],"version-history":[{"count":19,"href":"https:\/\/www.fabricac.com.br\/messer\/wp-json\/wp\/v2\/pages\/4119\/revisions"}],"predecessor-version":[{"id":12908,"href":"https:\/\/www.fabricac.com.br\/messer\/wp-json\/wp\/v2\/pages\/4119\/revisions\/12908"}],"wp:attachment":[{"href":"https:\/\/www.fabricac.com.br\/messer\/wp-json\/wp\/v2\/media?parent=4119"}],"curies":[{"name":"wp","href":"https:\/\/api.w.org\/{rel}","templated":true}]}}