{"id":3584,"date":"2024-12-05T15:28:52","date_gmt":"2024-12-05T18:28:52","guid":{"rendered":"https:\/\/www.fabricac.com.br\/messer\/?page_id=3584"},"modified":"2025-10-24T10:55:30","modified_gmt":"2025-10-24T13:55:30","slug":"missao-visao-valores","status":"publish","type":"page","link":"https:\/\/www.fabricac.com.br\/messer\/sobre\/missao-visao-valores\/","title":{"rendered":"Miss\u00e3o, Vis\u00e3o &#038; Valores"},"content":{"rendered":"\t\t<div data-elementor-type=\"wp-page\" data-elementor-id=\"3584\" class=\"elementor elementor-3584\" data-elementor-post-type=\"page\">\n\t\t\t\t<div class=\"elementor-element elementor-element-e64dd0a e-con-full e-flex e-con e-parent\" data-id=\"e64dd0a\" data-element_type=\"container\" data-settings=\"{&quot;background_background&quot;:&quot;classic&quot;}\">\n\t\t<div class=\"elementor-element elementor-element-604847f e-con-full e-flex e-con e-child\" data-id=\"604847f\" data-element_type=\"container\">\n\t\t\t\t<div class=\"elementor-element elementor-element-69759bd elementor-widget elementor-widget-heading\" data-id=\"69759bd\" data-element_type=\"widget\" data-widget_type=\"heading.default\">\n\t\t\t\t\t<h2 class=\"elementor-heading-title elementor-size-default\">Miss\u00e3o, Vis\u00e3o &amp; Valores<\/h2>\t\t\t\t<\/div>\n\t\t\t\t<div class=\"elementor-element elementor-element-87816ba elementor-widget elementor-widget-hfe-breadcrumbs-widget\" data-id=\"87816ba\" data-element_type=\"widget\" data-widget_type=\"hfe-breadcrumbs-widget.default\">\n\t\t\t\t<div class=\"elementor-widget-container\">\n\t\t\t\t\t<nav aria-label=\"Breadcrumb\"><ul class=\"hfe-breadcrumbs hfe-breadcrumbs-show-home\"><li class=\"hfe-breadcrumbs-item hfe-breadcrumbs-first\"><span class=\"hfe-breadcrumbs-home-icon\"><\/span><a href=\"https:\/\/www.fabricac.com.br\/messer\"><span class=\"hfe-breadcrumbs-text\">Home<\/span><\/a><\/li><\/ul><\/nav>\t\t\t\t<\/div>\n\t\t\t\t<\/div>\n\t\t\t\t<\/div>\n\t\t\t\t<\/div>\n\t\t<div class=\"elementor-element elementor-element-b440aa0 e-flex e-con-boxed e-con e-parent\" data-id=\"b440aa0\" data-element_type=\"container\" data-settings=\"{&quot;background_background&quot;:&quot;classic&quot;}\">\n\t\t\t\t\t<div class=\"e-con-inner\">\n\t\t<div class=\"elementor-element elementor-element-0514f98 e-con-full e-flex e-con e-child\" data-id=\"0514f98\" data-element_type=\"container\">\n\t\t\t\t<div class=\"elementor-element elementor-element-74ba378 lined-title elementor-widget__width-initial elementor-widget elementor-widget-heading\" data-id=\"74ba378\" data-element_type=\"widget\" data-widget_type=\"heading.default\">\n\t\t\t\t\t<h2 class=\"elementor-heading-title elementor-size-default\">Miss\u00e3o<\/h2>\t\t\t\t<\/div>\n\t\t\t\t<div class=\"elementor-element elementor-element-dbf4155 elementor-widget__width-inherit elementor-widget elementor-widget-text-editor\" data-id=\"dbf4155\" data-element_type=\"widget\" data-widget_type=\"text-editor.default\">\n\t\t\t\t\t\t\t\t\t<p>Ser a principal fornecedora para solu\u00e7\u00f5es de gases industriais, medicinais e especiais, reconhecida por nossa cultura de seguran\u00e7a, foco no cliente, alta performance e inova\u00e7\u00e3o.<\/p>\t\t\t\t\t\t\t\t<\/div>\n\t\t\t\t<\/div>\n\t\t<div class=\"elementor-element elementor-element-e57bdaa e-con-full e-flex e-con e-child\" data-id=\"e57bdaa\" data-element_type=\"container\">\n\t\t\t\t<div class=\"elementor-element elementor-element-b9769a7 lined-title elementor-widget__width-initial elementor-widget elementor-widget-heading\" data-id=\"b9769a7\" data-element_type=\"widget\" data-widget_type=\"heading.default\">\n\t\t\t\t\t<h2 class=\"elementor-heading-title elementor-size-default\">Vis\u00e3o<\/h2>\t\t\t\t<\/div>\n\t\t\t\t<div class=\"elementor-element elementor-element-5d5e340 elementor-widget__width-inherit elementor-widget elementor-widget-text-editor\" data-id=\"5d5e340\" data-element_type=\"widget\" data-widget_type=\"text-editor.default\">\n\t\t\t\t\t\t\t\t\t<p>Somos a maior empresa de gases industriais, medicinais e especiais de capital fechado do mundo. Queremos ser a primeira escolha para clientes e colaboradores.<\/p>\t\t\t\t\t\t\t\t<\/div>\n\t\t\t\t<\/div>\n\t\t\t\t\t<\/div>\n\t\t\t\t<\/div>\n\t\t<div class=\"elementor-element elementor-element-cda97dc e-flex e-con-boxed e-con e-parent\" data-id=\"cda97dc\" data-element_type=\"container\" data-settings=\"{&quot;background_background&quot;:&quot;classic&quot;}\">\n\t\t\t\t\t<div class=\"e-con-inner\">\n\t\t<div class=\"elementor-element elementor-element-e6f28cb e-con-full e-flex e-con e-child\" data-id=\"e6f28cb\" data-element_type=\"container\">\n\t\t\t\t<div class=\"elementor-element elementor-element-843c3d5 lined-title elementor-widget__width-initial elementor-widget elementor-widget-heading\" data-id=\"843c3d5\" data-element_type=\"widget\" data-widget_type=\"heading.default\">\n\t\t\t\t\t<h2 class=\"elementor-heading-title elementor-size-default\">Valores<\/h2>\t\t\t\t<\/div>\n\t\t\t\t<div class=\"elementor-element elementor-element-ae8bd3f elementor-widget elementor-widget-image\" data-id=\"ae8bd3f\" data-element_type=\"widget\" data-widget_type=\"image.default\">\n\t\t\t\t\t\t\t\t\t\t\t\t\t\t\t<img fetchpriority=\"high\" decoding=\"async\" width=\"650\" height=\"119\" src=\"https:\/\/www.fabricac.com.br\/messer\/wp-content\/uploads\/2025\/09\/valor1.webp\" class=\"attachment-large size-large wp-image-4301\" alt=\"\" srcset=\"https:\/\/www.fabricac.com.br\/messer\/wp-content\/uploads\/2025\/09\/valor1.webp 650w, https:\/\/www.fabricac.com.br\/messer\/wp-content\/uploads\/2025\/09\/valor1-300x55.webp 300w\" sizes=\"(max-width: 650px) 100vw, 650px\" \/>\t\t\t\t\t\t\t\t\t\t\t\t\t\t\t<\/div>\n\t\t\t\t<div class=\"elementor-element elementor-element-35329db elementor-widget elementor-widget-image\" data-id=\"35329db\" data-element_type=\"widget\" data-widget_type=\"image.default\">\n\t\t\t\t\t\t\t\t\t\t\t\t\t\t\t<img decoding=\"async\" width=\"650\" height=\"120\" src=\"https:\/\/www.fabricac.com.br\/messer\/wp-content\/uploads\/2025\/09\/valor2.webp\" class=\"attachment-large size-large wp-image-4302\" alt=\"\" srcset=\"https:\/\/www.fabricac.com.br\/messer\/wp-content\/uploads\/2025\/09\/valor2.webp 650w, https:\/\/www.fabricac.com.br\/messer\/wp-content\/uploads\/2025\/09\/valor2-300x55.webp 300w\" sizes=\"(max-width: 650px) 100vw, 650px\" \/>\t\t\t\t\t\t\t\t\t\t\t\t\t\t\t<\/div>\n\t\t\t\t<div class=\"elementor-element elementor-element-e7cbff6 elementor-widget elementor-widget-image\" data-id=\"e7cbff6\" data-element_type=\"widget\" data-widget_type=\"image.default\">\n\t\t\t\t\t\t\t\t\t\t\t\t\t\t\t<img decoding=\"async\" width=\"650\" height=\"120\" src=\"https:\/\/www.fabricac.com.br\/messer\/wp-content\/uploads\/2025\/09\/valor3.webp\" class=\"attachment-large size-large wp-image-4303\" alt=\"\" srcset=\"https:\/\/www.fabricac.com.br\/messer\/wp-content\/uploads\/2025\/09\/valor3.webp 650w, https:\/\/www.fabricac.com.br\/messer\/wp-content\/uploads\/2025\/09\/valor3-300x55.webp 300w\" sizes=\"(max-width: 650px) 100vw, 650px\" \/>\t\t\t\t\t\t\t\t\t\t\t\t\t\t\t<\/div>\n\t\t\t\t<div class=\"elementor-element elementor-element-7ca8732 elementor-widget elementor-widget-image\" data-id=\"7ca8732\" data-element_type=\"widget\" data-widget_type=\"image.default\">\n\t\t\t\t\t\t\t\t\t\t\t\t\t\t\t<img loading=\"lazy\" decoding=\"async\" width=\"650\" height=\"120\" src=\"https:\/\/www.fabricac.com.br\/messer\/wp-content\/uploads\/2025\/09\/valor4.webp\" class=\"attachment-large size-large wp-image-4304\" alt=\"\" srcset=\"https:\/\/www.fabricac.com.br\/messer\/wp-content\/uploads\/2025\/09\/valor4.webp 650w, https:\/\/www.fabricac.com.br\/messer\/wp-content\/uploads\/2025\/09\/valor4-300x55.webp 300w\" sizes=\"(max-width: 650px) 100vw, 650px\" \/>\t\t\t\t\t\t\t\t\t\t\t\t\t\t\t<\/div>\n\t\t\t\t<div class=\"elementor-element elementor-element-7601f03 elementor-widget elementor-widget-image\" data-id=\"7601f03\" data-element_type=\"widget\" data-widget_type=\"image.default\">\n\t\t\t\t\t\t\t\t\t\t\t\t\t\t\t<img loading=\"lazy\" decoding=\"async\" width=\"650\" height=\"120\" src=\"https:\/\/www.fabricac.com.br\/messer\/wp-content\/uploads\/2025\/09\/valor5.webp\" class=\"attachment-large size-large wp-image-4305\" alt=\"\" srcset=\"https:\/\/www.fabricac.com.br\/messer\/wp-content\/uploads\/2025\/09\/valor5.webp 650w, https:\/\/www.fabricac.com.br\/messer\/wp-content\/uploads\/2025\/09\/valor5-300x55.webp 300w\" sizes=\"(max-width: 650px) 100vw, 650px\" \/>\t\t\t\t\t\t\t\t\t\t\t\t\t\t\t<\/div>\n\t\t\t\t<\/div>\n\t\t<div class=\"elementor-element elementor-element-af71491 e-con-full e-flex e-con e-child\" data-id=\"af71491\" data-element_type=\"container\">\n\t\t\t\t<div class=\"elementor-element elementor-element-d92173a lined-title elementor-widget__width-initial elementor-widget elementor-widget-heading\" data-id=\"d92173a\" data-element_type=\"widget\" data-widget_type=\"heading.default\">\n\t\t\t\t\t<h2 class=\"elementor-heading-title elementor-size-default\">Prop\u00f3sito<\/h2>\t\t\t\t<\/div>\n\t\t\t\t<div class=\"elementor-element elementor-element-bf3fdd9 elementor-widget__width-inherit elementor-widget elementor-widget-text-editor\" data-id=\"bf3fdd9\" data-element_type=\"widget\" data-widget_type=\"text-editor.default\">\n\t\t\t\t\t\t\t\t\t<p>N\u00f3s ajudamos as pessoas a impulsionar o progresso.<\/p>\t\t\t\t\t\t\t\t<\/div>\n\t\t\t\t<\/div>\n\t\t\t\t\t<\/div>\n\t\t\t\t<\/div>\n\t\t\t\t<\/div>\n\t\t","protected":false},"excerpt":{"rendered":"<p>Miss\u00e3o, Vis\u00e3o &amp; Valores Home Miss\u00e3o Ser a principal fornecedora para solu\u00e7\u00f5es de gases industriais, medicinais e especiais, reconhecida por nossa cultura de seguran\u00e7a, foco no cliente, alta performance e inova\u00e7\u00e3o. Vis\u00e3o Somos a maior empresa de gases industriais, medicinais e especiais de capital fechado do mundo. Queremos ser a primeira escolha para clientes e [&hellip;]<\/p>\n","protected":false},"author":1,"featured_media":0,"parent":3517,"menu_order":0,"comment_status":"closed","ping_status":"closed","template":"","meta":{"footnotes":""},"class_list":["post-3584","page","type-page","status-publish","hentry"],"_links":{"self":[{"href":"https:\/\/www.fabricac.com.br\/messer\/wp-json\/wp\/v2\/pages\/3584","targetHints":{"allow":["GET"]}}],"collection":[{"href":"https:\/\/www.fabricac.com.br\/messer\/wp-json\/wp\/v2\/pages"}],"about":[{"href":"https:\/\/www.fabricac.com.br\/messer\/wp-json\/wp\/v2\/types\/page"}],"author":[{"embeddable":true,"href":"https:\/\/www.fabricac.com.br\/messer\/wp-json\/wp\/v2\/users\/1"}],"replies":[{"embeddable":true,"href":"https:\/\/www.fabricac.com.br\/messer\/wp-json\/wp\/v2\/comments?post=3584"}],"version-history":[{"count":55,"href":"https:\/\/www.fabricac.com.br\/messer\/wp-json\/wp\/v2\/pages\/3584\/revisions"}],"predecessor-version":[{"id":12899,"href":"https:\/\/www.fabricac.com.br\/messer\/wp-json\/wp\/v2\/pages\/3584\/revisions\/12899"}],"up":[{"embeddable":true,"href":"https:\/\/www.fabricac.com.br\/messer\/wp-json\/wp\/v2\/pages\/3517"}],"wp:attachment":[{"href":"https:\/\/www.fabricac.com.br\/messer\/wp-json\/wp\/v2\/media?parent=3584"}],"curies":[{"name":"wp","href":"https:\/\/api.w.org\/{rel}","templated":true}]}}