{"id":2986,"date":"2024-10-28T16:21:14","date_gmt":"2024-10-28T19:21:14","guid":{"rendered":"https:\/\/www.fabricac.com.br\/messer\/?page_id=2986"},"modified":"2025-10-24T10:10:11","modified_gmt":"2025-10-24T13:10:11","slug":"dioxido-de-carbono","status":"publish","type":"page","link":"https:\/\/www.fabricac.com.br\/messer\/produtos\/dioxido-de-carbono\/","title":{"rendered":"Di\u00f3xido de Carbono"},"content":{"rendered":"\t\t<div data-elementor-type=\"wp-page\" data-elementor-id=\"2986\" class=\"elementor elementor-2986\" data-elementor-post-type=\"page\">\n\t\t\t\t<div class=\"elementor-element elementor-element-e64dd0a e-con-full e-flex e-con e-parent\" data-id=\"e64dd0a\" data-element_type=\"container\" data-settings=\"{&quot;background_background&quot;:&quot;classic&quot;}\">\n\t\t<div class=\"elementor-element elementor-element-604847f e-con-full e-flex e-con e-child\" data-id=\"604847f\" data-element_type=\"container\">\n\t\t\t\t<div class=\"elementor-element elementor-element-5625dd9 elementor-widget elementor-widget-image\" data-id=\"5625dd9\" data-element_type=\"widget\" data-widget_type=\"image.default\">\n\t\t\t\t\t\t\t\t\t\t\t\t\t\t\t<img decoding=\"async\" width=\"150\" height=\"150\" src=\"https:\/\/www.fabricac.com.br\/messer\/wp-content\/uploads\/2024\/10\/elemento-co2-150x150.webp\" class=\"attachment-thumbnail size-thumbnail wp-image-3117\" alt=\"\" srcset=\"https:\/\/www.fabricac.com.br\/messer\/wp-content\/uploads\/2024\/10\/elemento-co2-150x150.webp 150w, https:\/\/www.fabricac.com.br\/messer\/wp-content\/uploads\/2024\/10\/elemento-co2.webp 200w\" sizes=\"(max-width: 150px) 100vw, 150px\" \/>\t\t\t\t\t\t\t\t\t\t\t\t\t\t\t<\/div>\n\t\t\t\t<\/div>\n\t\t\t\t<\/div>\n\t\t\t\t<section class=\"elementor-section elementor-top-section elementor-element elementor-element-8d23c5c row-boxed elementor-section-boxed elementor-section-height-default elementor-section-height-default\" data-id=\"8d23c5c\" data-element_type=\"section\" id=\"top\">\n\t\t\t\t\t\t<div class=\"elementor-container elementor-column-gap-default\">\n\t\t\t\t\t<div class=\"elementor-column elementor-col-50 elementor-top-column elementor-element elementor-element-0fd6cf0\" data-id=\"0fd6cf0\" data-element_type=\"column\">\n\t\t\t<div class=\"elementor-widget-wrap elementor-element-populated\">\n\t\t\t\t\t\t<div class=\"elementor-element elementor-element-206b8d3 lined-title elementor-widget elementor-widget-heading\" data-id=\"206b8d3\" data-element_type=\"widget\" data-widget_type=\"heading.default\">\n\t\t\t\t\t<h2 class=\"elementor-heading-title elementor-size-default\">Di\u00f3xido de Carbono<\/h2>\t\t\t\t<\/div>\n\t\t\t\t<div class=\"elementor-element elementor-element-885d917 elementor-widget elementor-widget-text-editor\" data-id=\"885d917\" data-element_type=\"widget\" data-widget_type=\"text-editor.default\">\n\t\t\t\t\t\t\t\t\t<p>Utilizado em diversas \u00e1reas da ind\u00fastria, como na aliment\u00edcia, na produ\u00e7\u00e3o de bebidas, soldagem e constru\u00e7\u00e3o civ\u00edl.<\/p>\t\t\t\t\t\t\t\t<\/div>\n\t\t\t\t<div class=\"elementor-element elementor-element-0aa97d4 elementor-widget elementor-widget-text-editor\" data-id=\"0aa97d4\" data-element_type=\"widget\" data-widget_type=\"text-editor.default\">\n\t\t\t\t\t\t\t\t\t<p><b>Formas de Distribui\u00e7\u00e3o:<\/b> O di\u00f3xido de carbono \u00e9 fornecido em estado l\u00edquido ou gasoso, envasado em cilindros ou tanques.<\/p>\t\t\t\t\t\t\t\t<\/div>\n\t\t\t\t<div class=\"elementor-element elementor-element-5886973 elementor-align-left elementor-mobile-align-left elementor-widget elementor-widget-button\" data-id=\"5886973\" data-element_type=\"widget\" data-widget_type=\"button.default\">\n\t\t\t\t\t\t\t\t\t\t<a class=\"elementor-button elementor-button-link elementor-size-xs\" href=\"#segmentos\">\n\t\t\t\t\t\t<span class=\"elementor-button-content-wrapper\">\n\t\t\t\t\t\t<span class=\"elementor-button-icon\">\n\t\t\t\t<svg aria-hidden=\"true\" class=\"e-font-icon-svg e-fas-arrow-right\" viewBox=\"0 0 448 512\" xmlns=\"http:\/\/www.w3.org\/2000\/svg\"><path d=\"M190.5 66.9l22.2-22.2c9.4-9.4 24.6-9.4 33.9 0L441 239c9.4 9.4 9.4 24.6 0 33.9L246.6 467.3c-9.4 9.4-24.6 9.4-33.9 0l-22.2-22.2c-9.5-9.5-9.3-25 .4-34.3L311.4 296H24c-13.3 0-24-10.7-24-24v-32c0-13.3 10.7-24 24-24h287.4L190.9 101.2c-9.8-9.3-10-24.8-.4-34.3z\"><\/path><\/svg>\t\t\t<\/span>\n\t\t\t\t\t\t\t\t\t<span class=\"elementor-button-text\">Segmentos onde o g\u00e1s \u00e9 utilizado<\/span>\n\t\t\t\t\t<\/span>\n\t\t\t\t\t<\/a>\n\t\t\t\t\t\t\t\t<\/div>\n\t\t\t\t<div class=\"elementor-element elementor-element-471bd1e elementor-align-left elementor-widget elementor-widget-button\" data-id=\"471bd1e\" data-element_type=\"widget\" data-widget_type=\"button.default\">\n\t\t\t\t\t\t\t\t\t\t<a class=\"elementor-button elementor-button-link elementor-size-xs\" href=\"#informacoes\">\n\t\t\t\t\t\t<span class=\"elementor-button-content-wrapper\">\n\t\t\t\t\t\t<span class=\"elementor-button-icon\">\n\t\t\t\t<svg aria-hidden=\"true\" class=\"e-font-icon-svg e-fas-arrow-right\" viewBox=\"0 0 448 512\" xmlns=\"http:\/\/www.w3.org\/2000\/svg\"><path d=\"M190.5 66.9l22.2-22.2c9.4-9.4 24.6-9.4 33.9 0L441 239c9.4 9.4 9.4 24.6 0 33.9L246.6 467.3c-9.4 9.4-24.6 9.4-33.9 0l-22.2-22.2c-9.5-9.5-9.3-25 .4-34.3L311.4 296H24c-13.3 0-24-10.7-24-24v-32c0-13.3 10.7-24 24-24h287.4L190.9 101.2c-9.8-9.3-10-24.8-.4-34.3z\"><\/path><\/svg>\t\t\t<\/span>\n\t\t\t\t\t\t\t\t\t<span class=\"elementor-button-text\">Informa\u00e7\u00f5es t\u00e9cnicas<\/span>\n\t\t\t\t\t<\/span>\n\t\t\t\t\t<\/a>\n\t\t\t\t\t\t\t\t<\/div>\n\t\t\t\t<div class=\"elementor-element elementor-element-334b4a3 elementor-align-left elementor-widget elementor-widget-button\" data-id=\"334b4a3\" data-element_type=\"widget\" data-widget_type=\"button.default\">\n\t\t\t\t\t\t\t\t\t\t<a class=\"elementor-button elementor-button-link elementor-size-sm\" href=\"#contate\">\n\t\t\t\t\t\t<span class=\"elementor-button-content-wrapper\">\n\t\t\t\t\t\t<span class=\"elementor-button-icon\">\n\t\t\t\t<svg aria-hidden=\"true\" class=\"e-font-icon-svg e-fas-arrow-right\" viewBox=\"0 0 448 512\" xmlns=\"http:\/\/www.w3.org\/2000\/svg\"><path d=\"M190.5 66.9l22.2-22.2c9.4-9.4 24.6-9.4 33.9 0L441 239c9.4 9.4 9.4 24.6 0 33.9L246.6 467.3c-9.4 9.4-24.6 9.4-33.9 0l-22.2-22.2c-9.5-9.5-9.3-25 .4-34.3L311.4 296H24c-13.3 0-24-10.7-24-24v-32c0-13.3 10.7-24 24-24h287.4L190.9 101.2c-9.8-9.3-10-24.8-.4-34.3z\"><\/path><\/svg>\t\t\t<\/span>\n\t\t\t\t\t\t\t\t\t<span class=\"elementor-button-text\">Contate um especialista Messer<\/span>\n\t\t\t\t\t<\/span>\n\t\t\t\t\t<\/a>\n\t\t\t\t\t\t\t\t<\/div>\n\t\t\t\t<div class=\"elementor-element elementor-element-ef7080b elementor-align-left elementor-widget elementor-widget-button\" data-id=\"ef7080b\" data-element_type=\"widget\" data-widget_type=\"button.default\">\n\t\t\t\t\t\t\t\t\t\t<a class=\"elementor-button elementor-button-link elementor-size-sm\" href=\"#historia\">\n\t\t\t\t\t\t<span class=\"elementor-button-content-wrapper\">\n\t\t\t\t\t\t<span class=\"elementor-button-icon\">\n\t\t\t\t<svg aria-hidden=\"true\" class=\"e-font-icon-svg e-fas-arrow-right\" viewBox=\"0 0 448 512\" xmlns=\"http:\/\/www.w3.org\/2000\/svg\"><path d=\"M190.5 66.9l22.2-22.2c9.4-9.4 24.6-9.4 33.9 0L441 239c9.4 9.4 9.4 24.6 0 33.9L246.6 467.3c-9.4 9.4-24.6 9.4-33.9 0l-22.2-22.2c-9.5-9.5-9.3-25 .4-34.3L311.4 296H24c-13.3 0-24-10.7-24-24v-32c0-13.3 10.7-24 24-24h287.4L190.9 101.2c-9.8-9.3-10-24.8-.4-34.3z\"><\/path><\/svg>\t\t\t<\/span>\n\t\t\t\t\t\t\t\t\t<span class=\"elementor-button-text\">Hist\u00f3ria do g\u00e1s<\/span>\n\t\t\t\t\t<\/span>\n\t\t\t\t\t<\/a>\n\t\t\t\t\t\t\t\t<\/div>\n\t\t\t\t\t<\/div>\n\t\t<\/div>\n\t\t\t\t<div class=\"elementor-column elementor-col-50 elementor-top-column elementor-element elementor-element-ff1a9d2\" data-id=\"ff1a9d2\" data-element_type=\"column\">\n\t\t\t<div class=\"elementor-widget-wrap elementor-element-populated\">\n\t\t\t\t\t\t<div class=\"elementor-element elementor-element-4818195 elementor-widget elementor-widget-image\" data-id=\"4818195\" data-element_type=\"widget\" data-widget_type=\"image.default\">\n\t\t\t\t\t\t\t\t\t\t\t\t\t\t\t<img fetchpriority=\"high\" decoding=\"async\" width=\"600\" height=\"440\" src=\"https:\/\/www.fabricac.com.br\/messer\/wp-content\/uploads\/2025\/09\/messer-bebidas.jpg\" class=\"attachment-large size-large wp-image-4489\" alt=\"\" srcset=\"https:\/\/www.fabricac.com.br\/messer\/wp-content\/uploads\/2025\/09\/messer-bebidas.jpg 600w, https:\/\/www.fabricac.com.br\/messer\/wp-content\/uploads\/2025\/09\/messer-bebidas-300x220.jpg 300w\" sizes=\"(max-width: 600px) 100vw, 600px\" \/>\t\t\t\t\t\t\t\t\t\t\t\t\t\t\t<\/div>\n\t\t\t\t\t<\/div>\n\t\t<\/div>\n\t\t\t\t\t<\/div>\n\t\t<\/section>\n\t\t<div class=\"elementor-element elementor-element-c6d05ab e-flex e-con-boxed e-con e-parent\" data-id=\"c6d05ab\" data-element_type=\"container\" id=\"segmentos\" data-settings=\"{&quot;background_background&quot;:&quot;classic&quot;}\">\n\t\t\t\t\t<div class=\"e-con-inner\">\n\t\t<div class=\"elementor-element elementor-element-b76d786 e-con-full e-flex e-con e-child\" data-id=\"b76d786\" data-element_type=\"container\">\n\t\t\t\t<div class=\"elementor-element elementor-element-324ca68 lined-title elementor-widget elementor-widget-heading\" data-id=\"324ca68\" data-element_type=\"widget\" data-widget_type=\"heading.default\">\n\t\t\t\t\t<h2 class=\"elementor-heading-title elementor-size-default\">Onde \u00e9 utilizado?<\/h2>\t\t\t\t<\/div>\n\t\t\t\t<div class=\"elementor-element elementor-element-7963d3f elementor-widget elementor-widget-text-editor\" data-id=\"7963d3f\" data-element_type=\"widget\" data-widget_type=\"text-editor.default\">\n\t\t\t\t\t\t\t\t\t<ul class=\"list-style-texto\"><li><p><strong>Alimentos:\u00a0<\/strong>serve para o resfriamento e congelamento de alimentos, embalagem em atmosfera modificada e controle de temperatura para produtos sendo armazenados e transportados.<\/p><\/li><li><p><strong>Fabrica\u00e7\u00e3o de Bebidas:\u00a0<\/strong>\u00e9 usado para carbonatar bebidas como refrigerantes, \u00e1gua mineral ou cerveja e para a matura\u00e7\u00e3o do vinho. O gelo carb\u00f4nico \u00e9 usado para controlar a temperatura durante a distribui\u00e7\u00e3o. O di\u00f3xido de carbono supercr\u00edtico \u00e9 usado para extrair a cafe\u00edna do caf\u00e9.<\/p><\/li><li><p><strong>Hospitalar:<\/strong>\u00a0\u00e9 usado para laparoscopia (diagn\u00f3stico realizado no abd\u00f4men), colonoscopia e crio-dermatologia. Ele tamb\u00e9m \u00e9 usado para a criopreserva\u00e7\u00e3o de culturas de c\u00e9lulas.<\/p><\/li><li><p><strong>Ind\u00fastria Aeron\u00e1utica: <\/strong><span style=\"color: #ff0000;\">??? conte\u00fado a definir ???<\/span><\/p><\/li><li><p><strong style=\"background-color: transparent; color: var( --e-global-color-text ); font-family: var( --e-global-typography-text-font-family ), Sans-serif; text-align: var(--text-align);\">Ind\u00fastria Automotiva:\u00a0<\/strong><span style=\"background-color: transparent; color: var( --e-global-color-text ); font-family: var( --e-global-typography-text-font-family ), Sans-serif; text-align: var(--text-align);\">\u00e9 usado como g\u00e1s de prote\u00e7\u00e3o para soldagem ao arco. A limpeza da neve com di\u00f3xido de carbono remove part\u00edculas e res\u00edduos org\u00e2nicos de metais, pol\u00edmeros, cer\u00e2micas, vidros. O di\u00f3xido de carbono no nitrog\u00eanio \u00e9 usado como misturas de calibra\u00e7\u00e3o de g\u00e1s de amplitude em testes de emiss\u00f5es de motores.<\/span><\/p><\/li><li><p><strong>Ind\u00fastria Qu\u00edmica:\u00a0<\/strong>\u00e9 usado como mat\u00e9ria-prima em processos qu\u00edmicos como a s\u00edntese de metionina. O di\u00f3xido de carbono \u00e9 usado na qu\u00edmica para controlar as temperaturas do reator. O CO2 tamb\u00e9m \u00e9 empregado para neutralizar os efluentes alcalinos. O di\u00f3xido de carbono \u00e9 usado em condi\u00e7\u00f5es supercr\u00edticas para purificar ou tingir fibras de pol\u00edmero, animal ou vegetal.<\/p><\/li><li><p><strong>Componentes Eletr\u00f4nicos:\u00a0<\/strong>\u00e9 usado como meio de resfriamento para o teste de dispositivos eletr\u00f4nicos.<\/p><\/li><\/ul>\t\t\t\t\t\t\t\t<\/div>\n\t\t\t\t<\/div>\n\t\t\t\t\t<\/div>\n\t\t\t\t<\/div>\n\t\t<div class=\"elementor-element elementor-element-ccf5d6d row-boxed e-flex e-con-boxed e-con e-parent\" data-id=\"ccf5d6d\" data-element_type=\"container\" id=\"informacoes\">\n\t\t\t\t\t<div class=\"e-con-inner\">\n\t\t<div class=\"elementor-element elementor-element-2ecdc94 e-con-full e-flex e-con e-child\" data-id=\"2ecdc94\" data-element_type=\"container\">\n\t\t\t\t<div class=\"elementor-element elementor-element-4fc0240 lined-title elementor-widget elementor-widget-heading\" data-id=\"4fc0240\" data-element_type=\"widget\" data-widget_type=\"heading.default\">\n\t\t\t\t\t<h2 class=\"elementor-heading-title elementor-size-default\">Informa\u00e7\u00f5es t\u00e9cnicas<\/h2>\t\t\t\t<\/div>\n\t\t\t\t<\/div>\n\t\t\t\t\t<\/div>\n\t\t\t\t<\/div>\n\t\t<div class=\"elementor-element elementor-element-95e149e row-boxed e-flex e-con-boxed e-con e-parent\" data-id=\"95e149e\" data-element_type=\"container\">\n\t\t\t\t\t<div class=\"e-con-inner\">\n\t\t<div class=\"elementor-element elementor-element-cbf2c86 e-con-full e-flex e-con e-child\" data-id=\"cbf2c86\" data-element_type=\"container\">\n\t\t\t\t<div class=\"elementor-element elementor-element-f6c15b5 elementor-widget elementor-widget-html\" data-id=\"f6c15b5\" data-element_type=\"widget\" data-widget_type=\"html.default\">\n\t\t\t\t\t<style>\ntable {border-spacing: 2px!important;\nborder-collapse: inherit;\nfont-size: 16px;\n}\ntd{\npadding: 15px!important;\nline-height: 20px!important;}\n\n<\/style>\n\n<table width=\"100%\" border=\"0\" cellpadding=\"5\" cellspacing=\"3\">\n  <tr>\n    <td width=\"50%\">S\u00edmbolo At\u00f4mico<\/td>\n    <td width=\"50%\" valign=\"top\">CO<sub>2<\/sub><\/td>\n  <\/tr>\n  <tr>\n    <td width=\"50%\">N\u00famero At\u00f4mico<\/td>\n    <td width=\"50%\" valign=\"top\">N\u00e3o possui<\/td>\n  <\/tr>\n  <tr>\n    <td width=\"50%\">S\u00e9rie Qu\u00edmica<\/td>\n    <td width=\"50%\" valign=\"top\">Composto Qu\u00edmico<\/td>\n  <\/tr>\n  <tr>\n    <td width=\"50%\">Estado Natural<\/td>\n    <td width=\"50%\" valign=\"top\">Gasoso<\/td>\n  <\/tr>\n  <tr>\n    <td width=\"50%\">Massa At\u00f4mica<\/td>\n    <td width=\"50%\" valign=\"top\">44,01 u<\/td>\n  <\/tr>\n  <tr>\n    <td width=\"50%\">Massa Espec\u00edfica<\/td>\n    <td width=\"50%\" valign=\"top\">1,833 kg\/m3<\/td>\n  <\/tr>\n  <tr>\n    <td width=\"50%\">Volume Espec\u00edfico<\/td>\n    <td width=\"50%\" valign=\"top\">0,55 m3\/kg<\/td>\n  <\/tr>\n<\/table>\t\t\t\t<\/div>\n\t\t\t\t<\/div>\n\t\t<div class=\"elementor-element elementor-element-28c5e09 e-con-full e-flex e-con e-child\" data-id=\"28c5e09\" data-element_type=\"container\">\n\t\t\t\t<div class=\"elementor-element elementor-element-48dc6d2 elementor-widget elementor-widget-html\" data-id=\"48dc6d2\" data-element_type=\"widget\" data-widget_type=\"html.default\">\n\t\t\t\t\t<style>\ntable {border-spacing: 2px!important;\nborder-collapse: inherit;\nfont-size: 16px;\n}\ntd{\npadding: 15px!important;\nline-height: 20px!important;}\n\n<\/style>\n\n<table width=\"100%\" border=\"0\" cellpadding=\"5\" cellspacing=\"3\">\n  <tbody>\n  <tr>\n    <td width=\"50%\">Peso Molecular<\/td>\n    <td width=\"50%\" valign=\"top\">44,01 g\/mol<\/td>\n  <\/tr>\n  <tr>\n    <td width=\"50%\">Densidade Relativa<\/td>\n    <td width=\"50%\" valign=\"top\">1,52<\/td>\n  <\/tr>\n  <tr>\n    <td width=\"50%\">Temperatura Cr\u00edtica<\/td>\n    <td width=\"50%\" valign=\"top\">30,9 \u00b0C<\/td>\n  <\/tr>\n  <tr>\n    <td width=\"50%\">Ponto de Fus\u00e3o<\/td>\n    <td width=\"50%\" valign=\"top\">-56,6 \u00b0C<\/td>\n  <\/tr>\n  <tr>\n    <td width=\"50%\">Ponto de Ebuli\u00e7\u00e3o<\/td>\n    <td width=\"50%\" valign=\"top\">-78,5 \u00b0C<\/td>\n  <\/tr>\n  <tr>\n    <td width=\"50%\">Inflam\u00e1vel?<\/td>\n    <td width=\"50%\" valign=\"top\">N\u00e3o<\/td>\n  <\/tr>\n  <tr>\n    <td width=\"50%\">Toxidez<\/td>\n    <td width=\"50%\" valign=\"top\">Baixa<\/td>\n  <\/tr>\n<\/tbody><\/table>\t\t\t\t<\/div>\n\t\t\t\t<\/div>\n\t\t\t\t\t<\/div>\n\t\t\t\t<\/div>\n\t\t\t\t<section class=\"elementor-section elementor-top-section elementor-element elementor-element-cc6155e elementor-section-stretched elementor-section-boxed elementor-section-height-default elementor-section-height-default\" data-id=\"cc6155e\" data-element_type=\"section\" id=\"contate\" data-settings=\"{&quot;stretch_section&quot;:&quot;section-stretched&quot;,&quot;background_background&quot;:&quot;classic&quot;}\">\n\t\t\t\t\t\t<div class=\"elementor-container elementor-column-gap-extended\">\n\t\t\t\t\t<div class=\"elementor-column elementor-col-100 elementor-top-column elementor-element elementor-element-d8044f9\" data-id=\"d8044f9\" data-element_type=\"column\">\n\t\t\t<div class=\"elementor-widget-wrap elementor-element-populated\">\n\t\t\t\t\t\t<div class=\"elementor-element elementor-element-17bbd80 lined-title elementor-widget elementor-widget-heading\" data-id=\"17bbd80\" data-element_type=\"widget\" data-widget_type=\"heading.default\">\n\t\t\t\t\t<h2 class=\"elementor-heading-title elementor-size-default\">Entre em contato com o time de especialistas Messer<\/h2>\t\t\t\t<\/div>\n\t\t\t\t<div class=\"elementor-element elementor-element-8ff06e4 elementor-widget elementor-widget-html\" data-id=\"8ff06e4\" data-element_type=\"widget\" data-widget_type=\"html.default\">\n\t\t\t\t\t<iframe src=\"https:\/\/www.lojamesser.com\/s\/novo-cliente\" width=\"100%\" height=\"750\" allowfullscreen><\/iframe>\r\n<script>\r\ndocument.addEventListener( 'wpcf7mailsent', function( event ) {\r\n    location = 'https:\/\/www.messer-br.com\/contato-obrigado';\r\n}, false );\r\n<\/script>\t\t\t\t<\/div>\n\t\t\t\t\t<\/div>\n\t\t<\/div>\n\t\t\t\t\t<\/div>\n\t\t<\/section>\n\t\t\t\t<section class=\"elementor-section elementor-top-section elementor-element elementor-element-54985ad elementor-section-stretched elementor-section-boxed elementor-section-height-default elementor-section-height-default\" data-id=\"54985ad\" data-element_type=\"section\" id=\"historia\" data-settings=\"{&quot;stretch_section&quot;:&quot;section-stretched&quot;,&quot;background_background&quot;:&quot;classic&quot;}\">\n\t\t\t\t\t\t<div class=\"elementor-container elementor-column-gap-extended\">\n\t\t\t\t\t<div class=\"elementor-column elementor-col-100 elementor-top-column elementor-element elementor-element-5b9dadd\" data-id=\"5b9dadd\" data-element_type=\"column\">\n\t\t\t<div class=\"elementor-widget-wrap elementor-element-populated\">\n\t\t\t\t\t\t<div class=\"elementor-element elementor-element-017e5e1 lined-title elementor-widget elementor-widget-heading\" data-id=\"017e5e1\" data-element_type=\"widget\" data-widget_type=\"heading.default\">\n\t\t\t\t\t<h2 class=\"elementor-heading-title elementor-size-default\">Hist\u00f3ria do G\u00e1s<\/h2>\t\t\t\t<\/div>\n\t\t\t\t<div class=\"elementor-element elementor-element-b4a56bd elementor-widget elementor-widget-text-editor\" data-id=\"b4a56bd\" data-element_type=\"widget\" data-widget_type=\"text-editor.default\">\n\t\t\t\t\t\t\t\t\t<p>O g\u00e1s di\u00f3xido de carbono \u00e9 formado por dois elementos: carbono e oxig\u00eanio. Ele faz parte do Ciclo de Carbono Natural, onde o di\u00f3xido de carbono \u00e9 trocado entre tr\u00eas reservat\u00f3rios de carbono principais \u2013 o solo, a atmosfera e o oceano.<\/p><p>O di\u00f3xido de carbono \u00e9 tamb\u00e9m chamado de anidrido carb\u00f4nico ou g\u00e1s carb\u00f4nico, e \u00e9 um g\u00e1s fundamental para vida no planeta.<\/p><p>Al\u00e9m do Ciclo Natural do Carbono (CNC), h\u00e1 tamb\u00e9m um ciclo do carbono antropog\u00eanico (CCA ou ciclo do carbono sint\u00e9tico), onde os combust\u00edveis f\u00f3sseis (carv\u00e3o, g\u00e1s natural, petr\u00f3leo bruto) ou biomassa s\u00e3o queimados para produzir energia e di\u00f3xido de carbono \u00e9 liberado.<\/p><p>O processo em que o di\u00f3xido de carbono \u00e9 consumido por plantas e outros organismos e convertido em biomassa, \u00e9 denominado fotoss\u00edntese, enquanto o processo em que o CO2 \u00e9 liberado por esp\u00e9cies vivas (em especial animais) \u00e9 chamado de respira\u00e7\u00e3o.<\/p><p>Por conta de as plantas serem capazes de sintetizar o CO2 na atmosfera atrav\u00e9s do processo de respira\u00e7\u00e3o, elas s\u00e3o conhecidas como compensadoras de di\u00f3xido de carbono.<\/p><p>O di\u00f3xido de carbono lan\u00e7ado na atmosfera durante processos industriais qu\u00edmicos e de petr\u00f3leo pode ser captado e purificado para uso em diferentes aplica\u00e7\u00f5es e ind\u00fastrias.<\/p><p>A descoberta do di\u00f3xido de carbono ocorreu quando Jean-Baptiste Van Helmont, um qu\u00edmico e f\u00edsico do s\u00e9culo XVII, observou que a queima de carv\u00e3o de madeira em ambiente fechado produzia cinzas de massa inferior ao material introduzido.<\/p><p>O di\u00f3xido de carbono \u00e9 fornecido em estado l\u00edquido ou gasoso, envasado em cilindros, tanques ou por meio de gasodutos.<\/p>\t\t\t\t\t\t\t\t<\/div>\n\t\t\t\t\t<\/div>\n\t\t<\/div>\n\t\t\t\t\t<\/div>\n\t\t<\/section>\n\t\t\t\t<\/div>\n\t\t","protected":false},"excerpt":{"rendered":"<p>Di\u00f3xido de Carbono Utilizado em diversas \u00e1reas da ind\u00fastria, como na aliment\u00edcia, na produ\u00e7\u00e3o de bebidas, soldagem e constru\u00e7\u00e3o civ\u00edl. Formas de Distribui\u00e7\u00e3o: O di\u00f3xido de carbono \u00e9 fornecido em estado l\u00edquido ou gasoso, envasado em cilindros ou tanques. Segmentos onde o g\u00e1s \u00e9 utilizado Informa\u00e7\u00f5es t\u00e9cnicas Contate um especialista Messer Hist\u00f3ria do g\u00e1s Onde [&hellip;]<\/p>\n","protected":false},"author":1,"featured_media":0,"parent":2812,"menu_order":0,"comment_status":"closed","ping_status":"closed","template":"","meta":{"footnotes":""},"class_list":["post-2986","page","type-page","status-publish","hentry"],"_links":{"self":[{"href":"https:\/\/www.fabricac.com.br\/messer\/wp-json\/wp\/v2\/pages\/2986","targetHints":{"allow":["GET"]}}],"collection":[{"href":"https:\/\/www.fabricac.com.br\/messer\/wp-json\/wp\/v2\/pages"}],"about":[{"href":"https:\/\/www.fabricac.com.br\/messer\/wp-json\/wp\/v2\/types\/page"}],"author":[{"embeddable":true,"href":"https:\/\/www.fabricac.com.br\/messer\/wp-json\/wp\/v2\/users\/1"}],"replies":[{"embeddable":true,"href":"https:\/\/www.fabricac.com.br\/messer\/wp-json\/wp\/v2\/comments?post=2986"}],"version-history":[{"count":49,"href":"https:\/\/www.fabricac.com.br\/messer\/wp-json\/wp\/v2\/pages\/2986\/revisions"}],"predecessor-version":[{"id":12834,"href":"https:\/\/www.fabricac.com.br\/messer\/wp-json\/wp\/v2\/pages\/2986\/revisions\/12834"}],"up":[{"embeddable":true,"href":"https:\/\/www.fabricac.com.br\/messer\/wp-json\/wp\/v2\/pages\/2812"}],"wp:attachment":[{"href":"https:\/\/www.fabricac.com.br\/messer\/wp-json\/wp\/v2\/media?parent=2986"}],"curies":[{"name":"wp","href":"https:\/\/api.w.org\/{rel}","templated":true}]}}